022 (base 3) in base 4?
1023032
Convert -725 (base 13) to base 12.
-852
Convert -2543 (base 6) to base 9.
-780
What is 26876 (base 12) in base 7?
310521
Convert -132040 (base 6) to base 12.
-7020
Convert -47630 (base 9) to base 2.
-111110001110100
-10a7 (base 12) to base 15
-83a
Convert 45886 (base 9) to base 4.
13132113
50847 (base 11) to base 5
4333344
What is 938 (base 13) in base 5?
22233
Convert 44044 (base 6) to base 10.
6076
What is -340 (base 11) in base 8?
-627
44112 (base 5) to base 16
bd8
Convert -2499 (base 11) to base 16.
-cb6
Convert -10021232 (base 4) to base 8.
-41156
Convert -56c (base 14) to base 6.
-4552
Convert 46737 (base 8) to base 4.
10313133
Convert -1002 (base 3) to base 11.
-27
Convert 6422 (base 12) to base 9.
16038
Convert -10111111 (base 2) to base 16.
-bf
Convert 27 (base 12) to base 15.
21
What is -1010 (base 7) in base 4?
-11132
Convert -12212002 (base 3) to base 7.
-15305
What is 3212 (base 5) in base 14?
22c
-42014 (base 6) to base 11
-4255
40022 (base 5) to base 11
1984
-977 (base 11) to base 4
-102111
What is -43 (base 11) in base 13?
-38
-42553 (base 11) to base 5
-3440024
4558 (base 12) to base 10
7700
What is -2223010 (base 4) in base 13?
-4ca2
-46295 (base 10) to base 15
-dab5
Convert -7573 (base 8) to base 16.
-f7b
What is 2000021 (base 3) in base 15?
67a
What is -608 (base 11) in base 2?
-1011011110
-86 (base 13) to base 11
-a0
Convert -2 (base 7) to base 5.
-2
143411 (base 6) to base 8
32677
What is -12521 (base 10) in base 6?
-133545
Convert -1031101 (base 4) to base 7.
-20263
Convert -347 (base 12) to base 14.
-26b
334554 (base 6) to base 11
1a292
Convert -1052a (base 13) to base 7.
-151560
-a0 (base 11) to base 6
-302
Convert 133 (base 15) to base 9.
333
What is 150e (base 16) in base 2?
1010100001110
Convert -101450 (base 6) to base 2.
-1111111100110
Convert -1794 (base 11) to base 13.
-1066
Convert 151 (base 15) to base 3.
102011
-10544 (base 6) to base 11
-1148
Convert 23252 (base 6) to base 15.
ece
-1440 (base 6) to base 12
-280
What is 10111 (base 7) in base 15?
add
What is 335315 (base 7) in base 16?
e86a
What is 12401 (base 5) in base 2?
1111010000
Convert -270 (base 12) to base 13.
-228
Convert 7323 (base 9) to base 3.
21100210
2284 (base 13) to base 2
1001011101000
What is 10043 (base 13) in base 2?
110111111001000
What is 42043 (base 8) in base 3?
212221001
2384 (base 15) to base 2
1110101111101
-2111220011 (base 3) to base 9
-74804
Convert 1232301 (base 4) to base 8.
15661
Convert -112211 (base 3) to base 16.
-190
-43c (base 13) to base 16
-2d7
-1606 (base 15) to base 2
-1001001111011
4114 (base 11) to base 7
21630
Convert 121212 (base 4) to base 6.
11330
911 (base 11) to base 14
589
Convert -2347 (base 10) to base 6.
-14511
What is -100033102 (base 4) in base 7?
-364630
-1000012210 (base 3) to base 15
-5d29
Convert 1366 (base 16) to base 14.
1b4a
-1201001 (base 3) to base 9
-1631
-222 (base 4) to base 3
-1120
169 (base 15) to base 8
504
Convert 1b1 (base 15) to base 5.
3031
Convert -1441 (base 6) to base 9.
-467
Convert 11100010111 (base 2) to base 11.
1400
a10a (base 12) to base 15
5274
What is -180 (base 10) in base 12?
-130
What is -10200 (base 4) in base 14?
-168
Convert 204 (base 6) to base 16.
4c
Convert 6015 (base 7) to base 16.
816
Convert -1a2 (base 16) to base 3.
-120111
What is -38543 (base 9) in base 12?
-13033
What is bc16 (base 15) in base 14?
10742
1444 (base 7) to base 13
34c
Convert 5b35 (base 12) to base 6.
115305
-8292 (base 10) to base 9
-12333
Convert -3062 (base 7) to base 13.
-647
2512 (base 7) to base 2
1110101100
Convert 120100121 (base 3) to base 7.
44431
What is -5352 (base 11) in base 6?
-52431
What is 2314 (base 9) in base 16?
6b2
Convert -1100001110001000 (base 2) to base 5.
-3100211
Convert 2000000 (base 3) to base 14.
762
What is -5324 (base 10) in base 12?
-30b8
What is 12163 (base 12) in base 3?
1020111010
-1665 (base 8) to base 12
-671
Convert 343104 (base 6) to base 14.
a8da
6d9 (base 14) to base 11
1033
-145 (base 7) to base 14
-5c
b4 (base 15) to base 10
169
Convert 23355 (base 7) to base 11.
4581
What is -1313020 (base 4) in base 9?
-11411
What is -67622 (base 8) in base 7?
-146162
-1003 (base 8) to base 16
-203
1101011000010 (base 2) to base 14
26d4
Convert -13130330 (base 4) to base 8.
-73474
417 (base 8) to base 7
535
What is 20320 (base 4) in base 10?
568
Convert 52178 (base 9) to base 15.
a2e5
12631 (base 7) to base 6
23431
4cc (base 13) to base 11
6a8
What is -56c (base 13) in base 5?
-12220
What is -a38 (base 14) in base 5?
-31020
-534 (base 9) to base 4
-12310
Convert -4940 (base 13) to base 5.
-312421
What is -46c (base 13) in base 16?
-2fe
830 (base 15) to base 2
11100110101
What is -13429 (base 11) in base 6?
-224353
Convert 95 (base 15) to base 9.
165
Convert -1221111 (base 3) to base 11.
-1079
What is 21 (base 12) in base 10?
25
What is 220020220 (base 3) in base 14?
6630
What is -1120 (base 7) in base 16?
-196
23415 (base 6) to base 10
3395
What is 1087 (base 15) in base 5?
103002
What is 680 (base 16) in base 5?
23124
309 (base 15) to base 7
1665
103123 (base 4) to base 5
14433
Convert -3556 (base 8) to base 7.
-5355
Convert 1210112010 (base 3) to base 15.
a733
What is -1b4 (base 15) in base 13?
-244
Convert 54451 (base 6) to base 4.
1311133
60040 (base 7) to base 6
150454
Convert -10010101 (base 2) to base 12.
-105
40f (base 16) to base 6
4451
What is ba (base 14) in base 15?
ae
-2713 (base 9) to base 2
-11111110101
45315 (base 6) to base 13
2ba0
What is 90 (base 12) in base 11?
99
2025 (base 7) to base 3
222010
-c3 (base 15) to base 11
-157
Convert -350 (base 9) to base 15.
-143
Convert -142400 (base 7) to base 9.
-41385
-3334310 (base 5) to base 8
-162521
What is -11010110001011 (base 2) in base 4?
-3112023
32604 (base 9) to base 12
10627
Convert -1652 (base 7) to base 4.
-22202
8636 (base 9) to base 6
45223
-a9 (base 14) to base 11
-126
What is -1055 (base 16) in base 13?
-1b98
What is -5257 (base 11) in base 15?
-20de
What is -2147 (base 16) in base 15?
-27ce
Convert -411 (base 6) to base 3.
-12121
What is 334 (base 5) in base 4?
1132
What is -41 (base 12) in base 7?
-100
-10022121 (base 3) to base 8
-4563
Convert 18ce (base 16) to base 7.
24341
103121 (base 4) to base 14
649
Convert 206043 (base 7) to base 11.
24908
-415 (base 6) to base 14
-b1
Convert -3982 (base 13) to base 12.
-490a
1115 (base 8) to base 12
411
Convert 168c (base 13) to base 8.
6377
670b (base 12) to base 11
8612
What is 100220 (base 3) in base 15?
12c
Convert -1466 (base 7) to base 15.
-292
What is 101101101000100 (base 2) in base 8?
55504
Convert -218 (base 12) to base 6.
-1232
5252 (base 6) to base 8
2240
Convert -25 (base 6) to base 9.
-18
Convert -2030 (base 5) to base 16.
-109
What is 56ca (base 14) in base 11?
10364
211111 (base 3) to base 8
1137
3303 (base 10) to base 8
6347
-7716 (base 13) to base 2
-100000011000101
Convert 16720 (base 8) to base 13.
3621
What is -1338 (base 13) in base 2?
-101010111111
What is -212001 (base 3) in base 2?
-1001101110
Convert -193 (base 12) to base 13.
-168
What is -1626 (base 11) in base 2?
-100000100101
Convert -49b (base 14) to base 5.
-12141
Convert -96a (base 11) to base 5.
-14130
-1022221 (base 3) to base 6
-4254
232 (base 6) to base 5
332
Convert -11130 (base 7) to base 15.
-c79
What is 1314 (base 8) in base 7?
2042
What is -23042 (base 8) in base 3?
-111101120
1611 (base 8) to base 11
753
6b2 (base 16) to base 4
122302
Convert 202012 (base 3) to base 9.
665
101110 (base 4) to base 16
454
What is -1112021 (base 3) in base 4?
-101122
-1010100011010010 (base 2) to base 12
-21016
618 (base 13) to base 7
3006
What is -3624 (base 9) in base 12?
-1687
-131104 (base 5) to base 7
-21012
8aa0 (base 12) to base 16
3c18
What is 2b6 (base 15) in base 3?
212000
What is 7680 (base 12) in base 7?
53031
What is -12021 (base 5) in base 10?
-886
-2032010 (base 5) to base 3
-1200210022
What is 11011110 (base 2) in base 4?
3132
What is -132312 (base 4) in base 8?
-3666
What is -2210121 (base 3) in base 2?
-11111111001
Convert -186 (base 16) to base 9.
-473
What is 10010011110 (base 2) in base 10?
1182
-40003 (base 5) to base 2
-100111000111
345 (base 6) to base 12
b5
2c0 (base 14) to base 3
202202
What is 2210112110 (base 3)